{"id":2886,"date":"2008-12-16T17:09:43","date_gmt":"2008-12-16T16:09:43","guid":{"rendered":"http:\/\/iaoe.wordpress.com\/?page_id=3"},"modified":"2026-04-07T17:02:38","modified_gmt":"2026-04-07T17:02:38","slug":"home","status":"publish","type":"page","link":"https:\/\/iaoe.de\/","title":{"rendered":"Home"},"content":{"rendered":"<p>&#8230;<\/p>\n<hr \/>\n<ul>\n<li>Hygrothermische Bauphysik<\/li>\n<li>Geb\u00e4udeenergieberatung f\u00fcr Neubau und Bestand<\/li>\n<li>GEG-Nachweise (\u00f6ffentl. rechtl.) f\u00fcr Wohn-und Nichtwohngeb\u00e4ude<\/li>\n<li>Energieausweise\u00a0f\u00fcr\u00a0Wohn-und Nichtwohngeb\u00e4ude<\/li>\n<li><span style=\"line-height: 1.5;\">W\u00e4rmebr\u00fcckenanalyse (Feuchte\/psi-Werte)<\/span><\/li>\n<li>Dynamische Simulation zum sommerlichen W\u00e4rmeschutz (WUFI +)<\/li>\n<li>Hygrothermische dynamische Simulation f\u00fcr R\u00e4ume und Geb\u00e4ude (WUFI +)<\/li>\n<li>3-dimensionale W\u00e4rmebr\u00fccken (dynamische Simulation (WUFI +)<\/li>\n<li>Hygrothermische Bauteilsimulation (Bauteilfeuchte, WUFI pro)<\/li>\n<li>Best\u00e4tigungen f\u00fcr F\u00f6rdermittel (z.B. KfW, Labo, BAFA)<\/li>\n<li>L\u00fcftungskonzepte<\/li>\n<li>Baubegleitung\u00a0nach KfW Richtlinien&#8230;<\/li>\n<\/ul>\n<p>B\u00fcrozeiten: Montag-Freitag, 8:00-13:30 \/ 16:00-19:30<\/p>\n","protected":false},"excerpt":{"rendered":"<p>&#8230; Hygrothermische Bauphysik Geb\u00e4udeenergieberatung f\u00fcr Neubau und Bestand GEG-Nachweise (\u00f6ffentl. rechtl.) f\u00fcr Wohn-und Nichtwohngeb\u00e4ude Energieausweise\u00a0f\u00fcr\u00a0Wohn-und Nichtwohngeb\u00e4ude W\u00e4rmebr\u00fcckenanalyse (Feuchte\/psi-Werte) Dynamische Simulation zum sommerlichen W\u00e4rmeschutz (WUFI +) Hygrothermische dynamische Simulation f\u00fcr R\u00e4ume und Geb\u00e4ude (WUFI +) 3-dimensionale W\u00e4rmebr\u00fccken (dynamische Simulation (WUFI +) Hygrothermische Bauteilsimulation (Bauteilfeuchte, WUFI pro) Best\u00e4tigungen f\u00fcr F\u00f6rdermittel (z.B. KfW, Labo, BAFA) L\u00fcftungskonzepte Baubegleitung\u00a0nach KfW [&hellip;]<\/p>\n","protected":false},"author":1,"featured_media":0,"parent":0,"menu_order":0,"comment_status":"closed","ping_status":"closed","template":"","meta":{"footnotes":""},"class_list":["post-2886","page","type-page","status-publish","hentry"],"_links":{"self":[{"href":"https:\/\/iaoe.de\/index.php?rest_route=\/wp\/v2\/pages\/2886","targetHints":{"allow":["GET"]}}],"collection":[{"href":"https:\/\/iaoe.de\/index.php?rest_route=\/wp\/v2\/pages"}],"about":[{"href":"https:\/\/iaoe.de\/index.php?rest_route=\/wp\/v2\/types\/page"}],"author":[{"embeddable":true,"href":"https:\/\/iaoe.de\/index.php?rest_route=\/wp\/v2\/users\/1"}],"replies":[{"embeddable":true,"href":"https:\/\/iaoe.de\/index.php?rest_route=%2Fwp%2Fv2%2Fcomments&post=2886"}],"version-history":[{"count":35,"href":"https:\/\/iaoe.de\/index.php?rest_route=\/wp\/v2\/pages\/2886\/revisions"}],"predecessor-version":[{"id":3588,"href":"https:\/\/iaoe.de\/index.php?rest_route=\/wp\/v2\/pages\/2886\/revisions\/3588"}],"wp:attachment":[{"href":"https:\/\/iaoe.de\/index.php?rest_route=%2Fwp%2Fv2%2Fmedia&parent=2886"}],"curies":[{"name":"wp","href":"https:\/\/api.w.org\/{rel}","templated":true}]}}